e ten thousands digit of 39090?
3
What is the tens digit of 58117?
1
What is the tens digit of 1575?
7
What is the thousands digit of 1558?
1
What is the units digit of 48?
8
What is the units digit of 2511?
1
What is the tens digit of 1869?
6
What is the units digit of 521?
1
What is the ten thousands digit of 25920?
2
What is the thousands digit of 1022?
1
What is the hundreds digit of 36876?
8
What is the hundreds digit of 831?
8
What is the ten thousands digit of 104533?
0
What is the thousands digit of 3749?
3
What is the thousands digit of 1206?
1
What is the units digit of 6475?
5
What is the tens digit of 12958?
5
What is the tens digit of 833?
3
What is the tens digit of 2569?
6
What is the ten thousands digit of 74998?
7
What is the tens digit of 1888?
8
What is the units digit of 1284?
4
What is the thousands digit of 30429?
0
What is the hundreds digit of 131806?
8
What is the tens digit of 2863?
6
What is the hundreds digit of 153686?
6
What is the hundreds digit of 267?
2
What is the tens digit of 11989?
8
What is the hundreds digit of 77320?
3
What is the hundreds digit of 658?
6
What is the units digit of 973?
3
What is the thousands digit of 1613?
1
What is the thousands digit of 18082?
8
What is the ten thousands digit of 113393?
1
What is the units digit of 7697?
7
What is the hundred thousands digit of 113761?
1
What is the ten thousands digit of 55144?
5
What is the units digit of 48751?
1
What is the tens digit of 67421?
2
What is the tens digit of 51?
5
What is the hundreds digit of 4813?
8
What is the tens digit of 8455?
5
What is the thousands digit of 1050?
1
What is the tens digit of 294?
9
What is the units digit of 1754?
4
What is the tens digit of 1412?
1
What is the ten thousands digit of 11282?
1
What is the units digit of 1917?
7
What is the thousands digit of 4831?
4
What is the units digit of 1647?
7
What is the ten thousands digit of 13577?
1
What is the thousands digit of 1347?
1
What is the thousands digit of 9638?
9
What is the units digit of 23207?
7
What is the thousands digit of 1552?
1
What is the ten thousands digit of 33554?
3
What is the tens digit of 27436?
3
What is the hundreds digit of 671?
6
What is the units digit of 379?
9
What is the tens digit of 189?
8
What is the ten thousands digit of 14920?
1
What is the hundreds digit of 5605?
6
What is the tens digit of 4207?
0
What is the units digit of 41820?
0
What is the thousands digit of 1612?
1
What is the units digit of 26756?
6
What is the tens digit of 9566?
6
What is the units digit of 1768?
8
What is the units digit of 37219?
9
What is the units digit of 41?
1
What is the tens digit of 668?
6
What is the thousands digit of 5664?
5
What is the tens digit of 3270?
7
What is the units digit of 2306?
6
What is the thousands digit of 2669?
2
What is the ten thousands digit of 74832?
7
What is the hundreds digit of 3129?
1
What is the ten thousands digit of 21429?
2
What is the thousands digit of 48354?
8
What is the hundreds digit of 10185?
1
What is the units digit of 614?
4
What is the hundreds digit of 83330?
3
What is the hundreds digit of 31635?
6
What is the units digit of 391?
1
What is the hundreds digit of 316?
3
What is the thousands digit of 1683?
1
What is the tens digit of 10330?
3
What is the tens digit of 115933?
3
What is the ten thousands digit of 21832?
2
What is the hundreds digit of 55427?
4
What is the ten thousands digit of 35901?
3
What is the hundreds digit of 3783?
7
What is the hundreds digit of 9028?
0
What is the units digit of 3272?
2
What is the tens digit of 47014?
1
What is the thousands digit of 1524?
1
What is the tens digit of 137622?
2
What is the ten thousands digit of 123036?
2
What is the tens digit of 2983?
8
What is the thousands digit of 9663?
9
What is the tens digit of 30931?
3
What is the thousands digit of 46167?
6
What is the tens digit of 4709?
0
What is the hundred thousands digit of 115232?
1
What is the units digit of 4560?
0
What is the ten thousands digit of 21393?
2
What is the hundreds digit of 1891?
8
What is the hundreds digit of 2285?
2
What is the units digit of 942?
2
What is the units digit of 29585?
5
What is the ten thousands digit of 59690?
5
What is the units digit of 3393?
3
What is the tens digit of 4691?
9
What is the ten thousands digit of 11059?
1
What is the hundreds digit of 62248?
2
What is the units digit of 6901?
1
What is the tens digit of 468?
6
What is the tens digit of 617?
1
What is the units digit of 1214?
4
What is the ten thousands digit of 68385?
6
What is the tens digit of 2117?
1
What is the tens digit of 75089?
8
What is the tens digit of 1006?
0
What is the hundreds digit of 56577?
5
What is the hundreds digit of 19699?
6
What is the tens digit of 24779?
7
What is the units digit of 491?
1
What is the units digit of 195496?
6
What is the tens digit of 35052?
5
What is the units digit of 6010?
0
What is the tens digit of 977?
7
What is the ten thousands digit of 45419?
4
What is the ten thousands digit of 100181?
0
What is the thousands digit of 2657?
2
What is the tens digit of 676?
7
What is the tens digit of 1695?
9
What is the tens digit of 79158?
5
What is the thousands digit of 6282?
6
What is the units digit of 93156?
6
What is the tens digit of 55790?
9
What is the thousands digit of 4253?
4
What is the hundreds digit of 17100?
1
What is the ten thousands digit of 94503?
9
What is the hundreds digit of 1961?
9
What is the thousands digit of 22687?
2
What is the ten thousands digit of 36818?
3
What is the thousands digit of 44647?
4
What is the hundreds digit of 30905?
9
What is the ten thousands digit of 14654?
1
What is the units digit of 24461?
1
What is the thousands digit of 11393?
1
What is the hundreds digit of 101766?
7
What is the tens digit of 2407?
0
What is the hundreds digit of 321?
3
What is the units digit of 1395?
5
What is the units digit of 961?
1
What is the thousands digit of 9341?
9
What is the units digit of 77248?
8
What is the hundreds digit of 743?
7
What is the thousands digit of 36792?
6
What is the units digit of 2761?
1
What is the tens digit of 783?
8
What is the thousands digit of 105569?
5
What is the thousands digit of 5207?
5
What is the hundreds digit of 23262?
2
What is the hundreds digit of 107?
1
What is the hundreds digit of 568?
5
What is the hundreds digit of 5489?
4
What is the hundreds digit of 324?
3
What is the units digit of 5958?
8
What is the thousands digit of 1048?
1
What is the thousands digit of 2255?
2
What is the hundreds digit of 8946?
9
What is the tens digit of 7102?
0
What is the hundreds digit of 490?
4
What is the units digit of 10212?
2
What is the tens digit of 1589?
8
What is the tens digit of 782?
8
What is the tens digit of 3940?
4
What is the tens digit of 1102?
0
What is the units digit of 58226?
6
What is the thousands digit of 23359?
3
What is the tens digit of 202?
0
What is the thousands digit of 2188?
2
What is the tens digit of 3794?
9
What is the ten thousands digit of 76272?
7
What is the units digit of 48949?
9
What is the tens digit of 3330?
3
What is the units digit of 245?
5
What is the thousands digit of 1864?
1
What is the thousands digit of 33821?
3
What is the tens digit of 3845?
4
What is the hundreds digit of 60303?
3
What is the units digit of 44?
4
What is the hundreds digit of 15560?
5
What is the units digit of 718?
8
What is the tens digit of 750?
5
What is the hundreds digit of 1386?
3
What is the hundreds digit of 5767?
7
What is the tens digit of 1122?
2
What is the units digit of 647?
7
What is the hundreds digit of 7559?
5
What is the thousands digit of 95439?
5
What is the units digit of 17997?
7
What is the units digit of 227?
7
What is the thousands digit of 8230?
8
What is the hundreds digit of 1297?
2
What is the hundreds digit of 5785?
7
What is the units digit of 4105?
5
What is the tens digit of 4321?
2
What is the tens digit of 2496?
9
What is the tens digit of 728?
2
What is the tens digit of 21048?
4
What is the hundreds digit of 29885?
8
What is the thousands digit of 25482?
5
What is the hundreds digit of 446?
4
What is the hundreds digit of 20343?
3
What is the thousands digit of 3737?
3
What is the thousands digit of 3753?
3
What is the t